[INFO] fetching crate sqrid 0.0.18...
[INFO] checking sqrid-0.0.18 against master#9610dfe5a9a731ced1ea4923ecbd0c57fe367898 for beta-170-4
[INFO] extracting crate sqrid 0.0.18 into /workspace/builds/worker-4-tc1/source
[INFO] validating manifest of crates.io crate sqrid 0.0.18 on toolchain 9610dfe5a9a731ced1ea4923ecbd0c57fe367898
[INFO] running `Command { std: CARGO_HOME="/workspace/cargo-home" RUSTUP_HOME="/workspace/rustup-home" "/workspace/cargo-home/bin/cargo" "+9610dfe5a9a731ced1ea4923ecbd0c57fe367898" "metadata" "--manifest-path" "Cargo.toml" "--no-deps", kill_on_drop: false }`
[INFO] started tweaking crates.io crate sqrid 0.0.18
[INFO] finished tweaking crates.io crate sqrid 0.0.18
[INFO] tweaked toml for crates.io crate sqrid 0.0.18 written to /workspace/builds/worker-4-tc1/source/Cargo.toml
[INFO] running `Command { std: CARGO_HOME="/workspace/cargo-home" RUSTUP_HOME="/workspace/rustup-home" __CARGO_TEST_CHANNEL_OVERRIDE_DO_NOT_USE_THIS="nightly" "/workspace/cargo-home/bin/cargo" "+9610dfe5a9a731ced1ea4923ecbd0c57fe367898" "generate-lockfile" "--manifest-path" "Cargo.toml" "-Zno-index-update", kill_on_drop: false }`
[INFO] running `Command { std: CARGO_HOME="/workspace/cargo-home" RUSTUP_HOME="/workspace/rustup-home" "/workspace/cargo-home/bin/cargo" "+9610dfe5a9a731ced1ea4923ecbd0c57fe367898" "fetch" "--manifest-path" "Cargo.toml", kill_on_drop: false }`
[INFO] [stderr]  Downloading crates ...
[INFO] [stderr]   Downloaded criterion v0.5.1
[INFO] running `Command { std: "docker" "create" "-v" "/var/lib/crater-agent-workspace/builds/worker-4-tc1/target:/opt/rustwide/target:rw,Z" "-v" "/var/lib/crater-agent-workspace/builds/worker-4-tc1/source:/opt/rustwide/workdir:ro,Z" "-v" "/var/lib/crater-agent-workspace/cargo-home:/opt/rustwide/cargo-home:ro,Z" "-v" "/var/lib/crater-agent-workspace/rustup-home:/opt/rustwide/rustup-home:ro,Z" "-e" "SOURCE_DIR=/opt/rustwide/workdir" "-e" "CARGO_TARGET_DIR=/opt/rustwide/target" "-e" "CARGO_HOME=/opt/rustwide/cargo-home" "-e" "RUSTUP_HOME=/opt/rustwide/rustup-home" "-w" "/opt/rustwide/workdir" "-m" "1610612736" "--user" "0:0" "--network" "none" "ghcr.io/rust-lang/crates-build-env/linux@sha256:19e73879b68f455e41552ea35293514db52ea292d993f571636dbffedb77a1ee" "/opt/rustwide/cargo-home/bin/cargo" "+9610dfe5a9a731ced1ea4923ecbd0c57fe367898" "metadata" "--no-deps" "--format-version=1", kill_on_drop: false }`
[INFO] [stdout] 32415fd03b9e6b096aefc6adca0a0843e69db15bb90ffb34195f6221f7e37191
[INFO] running `Command { std: "docker" "start" "-a" "32415fd03b9e6b096aefc6adca0a0843e69db15bb90ffb34195f6221f7e37191", kill_on_drop: false }`
[INFO] running `Command { std: "docker" "inspect" "32415fd03b9e6b096aefc6adca0a0843e69db15bb90ffb34195f6221f7e37191", kill_on_drop: false }`
[INFO] running `Command { std: "docker" "rm" "-f" "32415fd03b9e6b096aefc6adca0a0843e69db15bb90ffb34195f6221f7e37191", kill_on_drop: false }`
[INFO] [stdout] 32415fd03b9e6b096aefc6adca0a0843e69db15bb90ffb34195f6221f7e37191
[INFO] running `Command { std: "docker" "create" "-v" "/var/lib/crater-agent-workspace/builds/worker-4-tc1/target:/opt/rustwide/target:rw,Z" "-v" "/var/lib/crater-agent-workspace/builds/worker-4-tc1/source:/opt/rustwide/workdir:ro,Z" "-v" "/var/lib/crater-agent-workspace/cargo-home:/opt/rustwide/cargo-home:ro,Z" "-v" "/var/lib/crater-agent-workspace/rustup-home:/opt/rustwide/rustup-home:ro,Z" "-e" "SOURCE_DIR=/opt/rustwide/workdir" "-e" "CARGO_TARGET_DIR=/opt/rustwide/target" "-e" "CARGO_INCREMENTAL=0" "-e" "RUST_BACKTRACE=full" "-e" "RUSTFLAGS=--cap-lints=forbid" "-e" "RUSTDOCFLAGS=--cap-lints=forbid" "-e" "CARGO_HOME=/opt/rustwide/cargo-home" "-e" "RUSTUP_HOME=/opt/rustwide/rustup-home" "-w" "/opt/rustwide/workdir" "-m" "1610612736" "--user" "0:0" "--network" "none" "ghcr.io/rust-lang/crates-build-env/linux@sha256:19e73879b68f455e41552ea35293514db52ea292d993f571636dbffedb77a1ee" "/opt/rustwide/cargo-home/bin/cargo" "+9610dfe5a9a731ced1ea4923ecbd0c57fe367898" "check" "--frozen" "--all" "--all-targets" "--message-format=json", kill_on_drop: false }`
[INFO] [stdout] a3b5042d08e4718a51fb25de23f4c53ee007b8c5ccf31599e97bb55e809cbdad
[INFO] running `Command { std: "docker" "start" "-a" "a3b5042d08e4718a51fb25de23f4c53ee007b8c5ccf31599e97bb55e809cbdad", kill_on_drop: false }`
[INFO] [stderr]    Compiling serde v1.0.163
[INFO] [stderr]    Compiling io-lifetimes v1.0.11
[INFO] [stderr]    Compiling rustix v0.37.19
[INFO] [stderr]     Checking anstyle v1.0.0
[INFO] [stderr]     Checking ciborium-io v0.2.1
[INFO] [stderr]     Checking clap_lex v0.5.0
[INFO] [stderr]    Compiling syn v2.0.18
[INFO] [stderr]    Compiling anyhow v1.0.71
[INFO] [stderr]     Checking regex-syntax v0.7.2
[INFO] [stderr]     Checking anes v0.1.6
[INFO] [stderr]     Checking criterion-plot v0.5.0
[INFO] [stderr]     Checking sqrid v0.0.18 (/opt/rustwide/workdir)
[INFO] [stderr]     Checking ciborium-ll v0.2.1
[INFO] [stdout] warning: ambiguous glob re-exports
[INFO] [stdout]   --> src/sqrid/mod.rs:37:9
[INFO] [stdout]    |
[INFO] [stdout] 37 | pub use self::bf::*;
[INFO] [stdout]    |         ^^^^^^^^^^^ the name `search_mapqaqr` in the value namespace is first re-exported here
[INFO] [stdout] ...
[INFO] [stdout] 41 | pub use self::ucs::*;
[INFO] [stdout]    |         ------------ but the name `search_mapqaqr` in the value namespace is also re-exported here
[INFO] [stdout]    |
[INFO] [stdout]    = note: `#[warn(ambiguous_glob_reexports)]` on by default
[INFO] [stdout] 
[INFO] [stdout] 
[INFO] [stdout] warning: ambiguous glob re-exports
[INFO] [stdout]   --> src/sqrid/mod.rs:37:9
[INFO] [stdout]    |
[INFO] [stdout] 37 | pub use self::bf::*;
[INFO] [stdout]    |         ^^^^^^^^^^^ the name `search_path` in the value namespace is first re-exported here
[INFO] [stdout] ...
[INFO] [stdout] 41 | pub use self::ucs::*;
[INFO] [stdout]    |         ------------ but the name `search_path` in the value namespace is also re-exported here
[INFO] [stdout] 
[INFO] [stdout] 
[INFO] [stdout] warning: ambiguous glob re-exports
[INFO] [stdout]   --> src/sqrid/mod.rs:37:9
[INFO] [stdout]    |
[INFO] [stdout] 37 | pub use self::bf::*;
[INFO] [stdout]    |         ^^^^^^^^^^^ the name `search_path_grid` in the value namespace is first re-exported here
[INFO] [stdout] ...
[INFO] [stdout] 41 | pub use self::ucs::*;
[INFO] [stdout]    |         ------------ but the name `search_path_grid` in the value namespace is also re-exported here
[INFO] [stdout] 
[INFO] [stdout] 
[INFO] [stdout] warning: ambiguous glob re-exports
[INFO] [stdout]   --> src/sqrid/mod.rs:37:9
[INFO] [stdout]    |
[INFO] [stdout] 37 | pub use self::bf::*;
[INFO] [stdout]    |         ^^^^^^^^^^^ the name `search_path_hash` in the value namespace is first re-exported here
[INFO] [stdout] ...
[INFO] [stdout] 41 | pub use self::ucs::*;
[INFO] [stdout]    |         ------------ but the name `search_path_hash` in the value namespace is also re-exported here
[INFO] [stdout] 
[INFO] [stdout] 
[INFO] [stdout] warning: ambiguous glob re-exports
[INFO] [stdout]   --> src/sqrid/mod.rs:37:9
[INFO] [stdout]    |
[INFO] [stdout] 37 | pub use self::bf::*;
[INFO] [stdout]    |         ^^^^^^^^^^^ the name `search_path_btree` in the value namespace is first re-exported here
[INFO] [stdout] ...
[INFO] [stdout] 41 | pub use self::ucs::*;
[INFO] [stdout]    |         ------------ but the name `search_path_btree` in the value namespace is also re-exported here
[INFO] [stdout] 
[INFO] [stdout] 
[INFO] [stderr]     Checking clap_builder v4.3.0
[INFO] [stdout] warning: 5 warnings emitted
[INFO] [stdout] 
[INFO] [stdout] 
[INFO] [stderr]     Checking regex v1.8.3
[INFO] [stderr]     Checking is-terminal v0.4.7
[INFO] [stderr]     Checking clap v4.3.0
[INFO] [stderr]    Compiling serde_derive v1.0.163
[INFO] [stderr]     Checking serde_json v1.0.96
[INFO] [stderr]     Checking ciborium v0.2.1
[INFO] [stderr]     Checking tinytemplate v1.2.1
[INFO] [stderr]     Checking criterion v0.5.1
[INFO] [stdout] error[E0308]: mismatched types
[INFO] [stdout]   --> benches/benchmark.rs:13:20
[INFO] [stdout]    |
[INFO] [stdout] 13 |             if let Some(qa2) = qa + qr {
[INFO] [stdout]    |                    ^^^^^^^^^   ------- this expression has type `Result<sqrid::Qa<256, 257>, sqrid::Error>`
[INFO] [stdout]    |                    |
[INFO] [stdout]    |                    expected `Result<Qa<256, 257>, Error>`, found `Option<_>`
[INFO] [stdout]    |
[INFO] [stdout]    = note: expected enum `Result<sqrid::Qa<256, 257>, sqrid::Error>`
[INFO] [stdout]               found enum `Option<_>`
[INFO] [stdout] 
[INFO] [stdout] 
[INFO] [stdout] error[E0308]: mismatched types
[INFO] [stdout]   --> benches/benchmark.rs:22:20
[INFO] [stdout]    |
[INFO] [stdout] 22 |             if let Some(qa2) = qa + qr {
[INFO] [stdout]    |                    ^^^^^^^^^   ------- this expression has type `Result<sqrid::Qa<256, 257>, sqrid::Error>`
[INFO] [stdout]    |                    |
[INFO] [stdout]    |                    expected `Result<Qa<256, 257>, Error>`, found `Option<_>`
[INFO] [stdout]    |
[INFO] [stdout]    = note: expected enum `Result<sqrid::Qa<256, 257>, sqrid::Error>`
[INFO] [stdout]               found enum `Option<_>`
[INFO] [stdout] 
[INFO] [stdout] 
[INFO] [stdout] error[E0107]: associated function takes 0 generic arguments but 2 generic arguments were supplied
[INFO] [stdout]    --> benches/benchmark.rs:52:17
[INFO] [stdout]     |
[INFO] [stdout] 52  |             Qa::new::<11, 13>(),
[INFO] [stdout]     |                 ^^^---------- help: remove these generics
[INFO] [stdout]     |                 |
[INFO] [stdout]     |                 expected 0 generic arguments
[INFO] [stdout]     |
[INFO] [stdout] note: associated function defined here, with 0 generic parameters
[INFO] [stdout]    --> /opt/rustwide/workdir/src/sqrid/qa.rs:125:18
[INFO] [stdout]     |
[INFO] [stdout] 125 |     pub const fn new(x: u16, y: u16) -> Result<Self, Error> {
[INFO] [stdout]     |                  ^^^
[INFO] [stdout] 
[INFO] [stdout] 
[INFO] [stdout] error[E0061]: this function takes 2 arguments but 0 arguments were supplied
[INFO] [stdout]    --> benches/benchmark.rs:52:13
[INFO] [stdout]     |
[INFO] [stdout] 52  |             Qa::new::<11, 13>(),
[INFO] [stdout]     |             ^^^^^^^^^^^^^^^^^-- two arguments of type `u16` and `u16` are missing
[INFO] [stdout]     |
[INFO] [stdout] note: associated function defined here
[INFO] [stdout]    --> /opt/rustwide/workdir/src/sqrid/qa.rs:125:18
[INFO] [stdout]     |
[INFO] [stdout] 125 |     pub const fn new(x: u16, y: u16) -> Result<Self, Error> {
[INFO] [stdout]     |                  ^^^
[INFO] [stdout] help: provide the arguments
[INFO] [stdout]     |
[INFO] [stdout] 52  |             Qa::new::<11, 13>(/* u16 */, /* u16 */),
[INFO] [stdout]     |                              ~~~~~~~~~~~~~~~~~~~~~~
[INFO] [stdout] 
[INFO] [stdout] 
[INFO] [stdout] warning: ambiguous glob re-exports
[INFO] [stdout]   --> src/sqrid/mod.rs:37:9
[INFO] [stdout]    |
[INFO] [stdout] 37 | pub use self::bf::*;
[INFO] [stdout]    |         ^^^^^^^^^^^ the name `search_mapqaqr` in the value namespace is first re-exported here
[INFO] [stdout] ...
[INFO] [stdout] 41 | pub use self::ucs::*;
[INFO] [stdout]    |         ------------ but the name `search_mapqaqr` in the value namespace is also re-exported here
[INFO] [stdout]    |
[INFO] [stdout]    = note: `#[warn(ambiguous_glob_reexports)]` on by default
[INFO] [stdout] 
[INFO] [stdout] 
[INFO] [stdout] warning: ambiguous glob re-exports
[INFO] [stdout]   --> src/sqrid/mod.rs:37:9
[INFO] [stdout]    |
[INFO] [stdout] 37 | pub use self::bf::*;
[INFO] [stdout]    |         ^^^^^^^^^^^ the name `search_path` in the value namespace is first re-exported here
[INFO] [stdout] ...
[INFO] [stdout] 41 | pub use self::ucs::*;
[INFO] [stdout]    |         ------------ but the name `search_path` in the value namespace is also re-exported here
[INFO] [stdout] 
[INFO] [stdout] 
[INFO] [stdout] warning: ambiguous glob re-exports
[INFO] [stdout]   --> src/sqrid/mod.rs:37:9
[INFO] [stdout]    |
[INFO] [stdout] 37 | pub use self::bf::*;
[INFO] [stdout]    |         ^^^^^^^^^^^ the name `search_path_grid` in the value namespace is first re-exported here
[INFO] [stdout] ...
[INFO] [stdout] 41 | pub use self::ucs::*;
[INFO] [stdout]    |         ------------ but the name `search_path_grid` in the value namespace is also re-exported here
[INFO] [stdout] 
[INFO] [stdout] 
[INFO] [stdout] warning: ambiguous glob re-exports
[INFO] [stdout]   --> src/sqrid/mod.rs:37:9
[INFO] [stdout]    |
[INFO] [stdout] 37 | pub use self::bf::*;
[INFO] [stdout]    |         ^^^^^^^^^^^ the name `search_path_hash` in the value namespace is first re-exported here
[INFO] [stdout] ...
[INFO] [stdout] 41 | pub use self::ucs::*;
[INFO] [stdout]    |         ------------ but the name `search_path_hash` in the value namespace is also re-exported here
[INFO] [stdout] 
[INFO] [stdout] 
[INFO] [stdout] warning: ambiguous glob re-exports
[INFO] [stdout]   --> src/sqrid/mod.rs:37:9
[INFO] [stdout]    |
[INFO] [stdout] 37 | pub use self::bf::*;
[INFO] [stdout]    |         ^^^^^^^^^^^ the name `search_path_btree` in the value namespace is first re-exported here
[INFO] [stdout] ...
[INFO] [stdout] 41 | pub use self::ucs::*;
[INFO] [stdout]    |         ------------ but the name `search_path_btree` in the value namespace is also re-exported here
[INFO] [stdout] 
[INFO] [stdout] 
[INFO] [stdout] error[E0308]: mismatched types
[INFO] [stdout]   --> benches/benchmark.rs:52:13
[INFO] [stdout]    |
[INFO] [stdout] 52 |             Qa::new::<11, 13>(),
[INFO] [stdout]    |             ^^^^^^^^^^^^^^^^^^^ expected `Qa<30, 15>`, found `Result<Qa<30, 15>, Error>`
[INFO] [stdout]    |
[INFO] [stdout]    = note: expected struct `sqrid::Qa<_, _>`
[INFO] [stdout]                 found enum `Result<sqrid::Qa<_, _>, sqrid::Error>`
[INFO] [stdout] 
[INFO] [stdout] 
[INFO] [stdout] error[E0107]: associated function takes 0 generic arguments but 2 generic arguments were supplied
[INFO] [stdout]    --> benches/benchmark.rs:53:17
[INFO] [stdout]     |
[INFO] [stdout] 53  |             Qa::new::<21, 4>(),
[INFO] [stdout]     |                 ^^^--------- help: remove these generics
[INFO] [stdout]     |                 |
[INFO] [stdout]     |                 expected 0 generic arguments
[INFO] [stdout]     |
[INFO] [stdout] note: associated function defined here, with 0 generic parameters
[INFO] [stdout]    --> /opt/rustwide/workdir/src/sqrid/qa.rs:125:18
[INFO] [stdout]     |
[INFO] [stdout] 125 |     pub const fn new(x: u16, y: u16) -> Result<Self, Error> {
[INFO] [stdout]     |                  ^^^
[INFO] [stdout] 
[INFO] [stdout] 
[INFO] [stdout] error[E0061]: this function takes 2 arguments but 0 arguments were supplied
[INFO] [stdout]    --> benches/benchmark.rs:53:13
[INFO] [stdout]     |
[INFO] [stdout] 53  |             Qa::new::<21, 4>(),
[INFO] [stdout]     |             ^^^^^^^^^^^^^^^^-- two arguments of type `u16` and `u16` are missing
[INFO] [stdout]     |
[INFO] [stdout] note: associated function defined here
[INFO] [stdout]    --> /opt/rustwide/workdir/src/sqrid/qa.rs:125:18
[INFO] [stdout]     |
[INFO] [stdout] 125 |     pub const fn new(x: u16, y: u16) -> Result<Self, Error> {
[INFO] [stdout]     |                  ^^^
[INFO] [stdout] help: provide the arguments
[INFO] [stdout]     |
[INFO] [stdout] 53  |             Qa::new::<21, 4>(/* u16 */, /* u16 */),
[INFO] [stdout]     |                             ~~~~~~~~~~~~~~~~~~~~~~
[INFO] [stdout] 
[INFO] [stdout] 
[INFO] [stdout] error[E0308]: mismatched types
[INFO] [stdout]   --> benches/benchmark.rs:53:13
[INFO] [stdout]    |
[INFO] [stdout] 53 |             Qa::new::<21, 4>(),
[INFO] [stdout]    |             ^^^^^^^^^^^^^^^^^^ expected `Qa<30, 15>`, found `Result<Qa<30, 15>, Error>`
[INFO] [stdout]    |
[INFO] [stdout]    = note: expected struct `sqrid::Qa<_, _>`
[INFO] [stdout]                 found enum `Result<sqrid::Qa<_, _>, sqrid::Error>`
[INFO] [stdout] 
[INFO] [stdout] 
[INFO] [stdout] error[E0107]: associated function takes 0 generic arguments but 2 generic arguments were supplied
[INFO] [stdout]    --> benches/benchmark.rs:75:17
[INFO] [stdout]     |
[INFO] [stdout] 75  |             Qa::new::<22, 11>(),
[INFO] [stdout]     |                 ^^^---------- help: remove these generics
[INFO] [stdout]     |                 |
[INFO] [stdout]     |                 expected 0 generic arguments
[INFO] [stdout]     |
[INFO] [stdout] note: associated function defined here, with 0 generic parameters
[INFO] [stdout]    --> /opt/rustwide/workdir/src/sqrid/qa.rs:125:18
[INFO] [stdout]     |
[INFO] [stdout] 125 |     pub const fn new(x: u16, y: u16) -> Result<Self, Error> {
[INFO] [stdout]     |                  ^^^
[INFO] [stdout] 
[INFO] [stdout] 
[INFO] [stdout] error[E0061]: this function takes 2 arguments but 0 arguments were supplied
[INFO] [stdout]    --> benches/benchmark.rs:75:13
[INFO] [stdout]     |
[INFO] [stdout] 75  |             Qa::new::<22, 11>(),
[INFO] [stdout]     |             ^^^^^^^^^^^^^^^^^-- two arguments of type `u16` and `u16` are missing
[INFO] [stdout]     |
[INFO] [stdout] note: associated function defined here
[INFO] [stdout]    --> /opt/rustwide/workdir/src/sqrid/qa.rs:125:18
[INFO] [stdout]     |
[INFO] [stdout] 125 |     pub const fn new(x: u16, y: u16) -> Result<Self, Error> {
[INFO] [stdout]     |                  ^^^
[INFO] [stdout] help: provide the arguments
[INFO] [stdout]     |
[INFO] [stdout] 75  |             Qa::new::<22, 11>(/* u16 */, /* u16 */),
[INFO] [stdout]     |                              ~~~~~~~~~~~~~~~~~~~~~~
[INFO] [stdout] 
[INFO] [stdout] 
[INFO] [stdout] error[E0308]: mismatched types
[INFO] [stdout]   --> benches/benchmark.rs:75:13
[INFO] [stdout]    |
[INFO] [stdout] 75 |             Qa::new::<22, 11>(),
[INFO] [stdout]    |             ^^^^^^^^^^^^^^^^^^^ expected `Qa<30, 15>`, found `Result<Qa<30, 15>, Error>`
[INFO] [stdout]    |
[INFO] [stdout]    = note: expected struct `sqrid::Qa<_, _>`
[INFO] [stdout]                 found enum `Result<sqrid::Qa<_, _>, sqrid::Error>`
[INFO] [stdout] 
[INFO] [stdout] 
[INFO] [stdout] error[E0107]: associated function takes 0 generic arguments but 2 generic arguments were supplied
[INFO] [stdout]    --> benches/benchmark.rs:76:17
[INFO] [stdout]     |
[INFO] [stdout] 76  |             Qa::new::<25, 3>(),
[INFO] [stdout]     |                 ^^^--------- help: remove these generics
[INFO] [stdout]     |                 |
[INFO] [stdout]     |                 expected 0 generic arguments
[INFO] [stdout]     |
[INFO] [stdout] note: associated function defined here, with 0 generic parameters
[INFO] [stdout]    --> /opt/rustwide/workdir/src/sqrid/qa.rs:125:18
[INFO] [stdout]     |
[INFO] [stdout] 125 |     pub const fn new(x: u16, y: u16) -> Result<Self, Error> {
[INFO] [stdout]     |                  ^^^
[INFO] [stdout] 
[INFO] [stdout] 
[INFO] [stdout] error[E0061]: this function takes 2 arguments but 0 arguments were supplied
[INFO] [stdout]    --> benches/benchmark.rs:76:13
[INFO] [stdout]     |
[INFO] [stdout] 76  |             Qa::new::<25, 3>(),
[INFO] [stdout]     |             ^^^^^^^^^^^^^^^^-- two arguments of type `u16` and `u16` are missing
[INFO] [stdout]     |
[INFO] [stdout] note: associated function defined here
[INFO] [stdout]    --> /opt/rustwide/workdir/src/sqrid/qa.rs:125:18
[INFO] [stdout]     |
[INFO] [stdout] 125 |     pub const fn new(x: u16, y: u16) -> Result<Self, Error> {
[INFO] [stdout]     |                  ^^^
[INFO] [stdout] help: provide the arguments
[INFO] [stdout]     |
[INFO] [stdout] 76  |             Qa::new::<25, 3>(/* u16 */, /* u16 */),
[INFO] [stdout]     |                             ~~~~~~~~~~~~~~~~~~~~~~
[INFO] [stdout] 
[INFO] [stdout] 
[INFO] [stdout] error[E0308]: mismatched types
[INFO] [stdout]   --> benches/benchmark.rs:76:13
[INFO] [stdout]    |
[INFO] [stdout] 76 |             Qa::new::<25, 3>(),
[INFO] [stdout]    |             ^^^^^^^^^^^^^^^^^^ expected `Qa<30, 15>`, found `Result<Qa<30, 15>, Error>`
[INFO] [stdout]    |
[INFO] [stdout]    = note: expected struct `sqrid::Qa<_, _>`
[INFO] [stdout]                 found enum `Result<sqrid::Qa<_, _>, sqrid::Error>`
[INFO] [stdout] 
[INFO] [stdout] 
[INFO] [stdout] error: aborting due to 14 previous errors
[INFO] [stdout] 
[INFO] [stdout] 
[INFO] [stdout] Some errors have detailed explanations: E0061, E0107, E0308.
[INFO] [stdout] 
[INFO] [stdout] For more information about an error, try `rustc --explain E0061`.
[INFO] [stdout] 
[INFO] [stderr] error: could not compile `sqrid` (bench "benchmark") due to 15 previous errors
[INFO] [stderr] warning: build failed, waiting for other jobs to finish...
[INFO] [stdout] warning: 5 warnings emitted
[INFO] [stdout] 
[INFO] [stdout] 
[INFO] running `Command { std: "docker" "inspect" "a3b5042d08e4718a51fb25de23f4c53ee007b8c5ccf31599e97bb55e809cbdad", kill_on_drop: false }`
[INFO] running `Command { std: "docker" "rm" "-f" "a3b5042d08e4718a51fb25de23f4c53ee007b8c5ccf31599e97bb55e809cbdad", kill_on_drop: false }`
[INFO] [stdout] a3b5042d08e4718a51fb25de23f4c53ee007b8c5ccf31599e97bb55e809cbdad
